Is 990062861 a composite number?
False
Is 130351601 a composite number?
False
Is 378054553 composite?
True
Is 8730832051 a prime number?
False
Is 9250373221 prime?
False
Is 287705255 a composite number?
True
Is 861680081 a composite number?
True
Is 2324042873 a composite number?
False
Is 1034713003 a composite number?
False
Is 133825471463 a composite number?
False
Is 70281089 a prime number?
False
Is 8205997973 composite?
True
Is 900658751 prime?
False
Is 97642183 a prime number?
False
Is 13221364417 a prime number?
True
Is 3072879561 prime?
False
Is 41708801867 a composite number?
True
Is 913107673 prime?
True
Is 11426497877 a prime number?
False
Is 1265478163 composite?
False
Is 66036391601 a prime number?
True
Is 12373924141 a prime number?
True
Is 11170161229 a prime number?
True
Is 12040571371 a composite number?
True
Is 2336015173 prime?
False
Is 67152704747 prime?
False
Is 2905408069 composite?
True
Is 12365465279 a prime number?
False
Is 506962349 composite?
False
Is 4802974081 prime?
True
Is 2263393843 a prime number?
True
Is 80676161 a composite number?
True
Is 3801276719 a prime number?
True
Is 829824967 prime?
True
Is 31413737185 a composite number?
True
Is 1015204507 a composite number?
True
Is 5517439171 a prime number?
True
Is 122262754391 a composite number?
True
Is 952014599 composite?
True
Is 3571547963 composite?
True
Is 1024692433 a prime number?
False
Is 759599657 a composite number?
True
Is 9031219 composite?
True
Is 457242347 a prime number?
True
Is 964726319 composite?
True
Is 5839993391 a prime number?
False
Is 8359603507 prime?
True
Is 2154467671 prime?
True
Is 178447931 prime?
False
Is 57740197 a composite number?
True
Is 23373714941 prime?
True
Is 1121429453 a prime number?
True
Is 773703067 composite?
False
Is 5776586597 prime?
False
Is 1456027789 composite?
False
Is 18999273767 a composite number?
False
Is 410977379 composite?
False
Is 9098818907 a composite number?
False
Is 40618391399 a prime number?
False
Is 497088133 prime?
False
Is 283612940803 a composite number?
True
Is 2295230089 composite?
True
Is 6738595313 a composite number?
False
Is 15758901287 a prime number?
False
Is 3041142722 a prime number?
False
Is 4012034941 a prime number?
False
Is 14680303537 a prime number?
True
Is 4594210541 composite?
False
Is 4478659799 prime?
False
Is 1478982089 composite?
True
Is 319427303 prime?
False
Is 4658620957 prime?
True
Is 112134011 a prime number?
False
Is 27467016629 a prime number?
False
Is 1110170251 composite?
False
Is 89920790277 prime?
False
Is 4553873101 a prime number?
False
Is 305953621 a prime number?
True
Is 455084311 composite?
True
Is 52096025491 a composite number?
False
Is 855019561 a prime number?
False
Is 87040933381 prime?
True
Is 30697052551 prime?
False
Is 17499117187 a composite number?
True
Is 276891799 a composite number?
False
Is 15603243797 a composite number?
True
Is 731888479 prime?
False
Is 465811007 a composite number?
True
Is 352168066 a prime number?
False
Is 33633326497 a composite number?
False
Is 194921641 prime?
True
Is 55910953729 composite?
True
Is 505337297 a prime number?
True
Is 515482249 a composite number?
True
Is 20101830689 prime?
False
Is 134622287 a composite number?
False
Is 48763378793 a prime number?
True
Is 306741637 a prime number?
False
Is 10122553543 composite?
False
Is 43065704069 prime?
True
Is 173169571213 prime?
False
Is 291847027 a prime number?
False
Is 40745519639 a composite number?
True
Is 82744422766 a prime number?
False
Is 49568730293 a composite number?
True
Is 71560806397 a composite number?
True
Is 111513496321 prime?
True
Is 42245598607 a composite number?
True
Is 18624743411 a composite number?
False
Is 187810676389 a prime number?
False
Is 8738539333 a prime number?
True
Is 3924619781 a prime number?
True
Is 2340525851 a prime number?
True
Is 848349533 prime?
True
Is 238958077 composite?
True
Is 1815204977 a prime number?
False
Is 83269346927 prime?
False
Is 21304509439 a composite number?
True
Is 2152325437 a prime number?
False
Is 6395850427 a prime number?
False
Is 20781164059 a composite number?
False
Is 454513715 prime?
False
Is 600449007 a composite number?
True
Is 2982547213 composite?
False
Is 100891639027 prime?
True
Is 39536190047 composite?
False
Is 420137933 composite?
True
Is 2255544443 prime?
True
Is 5589780695 composite?
True
Is 2529229789 prime?
True
Is 6218127803 composite?
False
Is 26602491997 a composite number?
True
Is 211035089 a prime number?
True
Is 35181945343 prime?
True
Is 4696005511 a prime number?
False
Is 1776801857 prime?
True
Is 18214725227 prime?
False
Is 30317117 a composite number?
False
Is 8511672799 composite?
True
Is 17559083 a prime number?
True
Is 62873891723 a composite number?
True
Is 355348859 a composite number?
False
Is 19920184121 composite?
False
Is 3053943089 a prime number?
True
Is 2330569 a composite number?
True
Is 2386173841 a composite number?
True
Is 40213676242 composite?
True
Is 515960681 prime?
False
Is 6307004771 a composite number?
True
Is 924107771 composite?
False
Is 2866722401 a prime number?
True
Is 280691141 prime?
True
Is 8048549629 a prime number?
True
Is 2921284381 composite?
True
Is 4251403373 a composite number?
True
Is 15490665269 a prime number?
True
Is 283341943 prime?
True
Is 2360318833 a prime number?
False
Is 406309037 a prime number?
True
Is 1638703961 prime?
True
Is 9393050213 a prime number?
True
Is 51526134703 prime?
False
Is 84078703 prime?
True
Is 20122857827 prime?
True
Is 1111698229 a composite number?
False
Is 5784886265 composite?
True
Is 4660063361 prime?
True
Is 153047399 composite?
False
Is 22508277527 prime?
True
Is 353827446221 a composite number?
False
Is 850320778 a prime number?
False
Is 162634781 prime?
False
Is 2570333999 a composite number?
False
Is 8453800837 prime?
False
Is 109927171 prime?
False
Is 266845251 a composite number?
True
Is 382635563 a composite number?
False
Is 1177493909 prime?
True
Is 611082803 a prime number?
True
Is 124833629 a composite number?
True
Is 3007372073 a prime number?
True
Is 5847322421 composite?
False
Is 368533889 a prime number?
True
Is 124544363 a composite number?
True
Is 555158731 composite?
False
Is 458730409 a prime number?
False
Is 20053993519 prime?
False
Is 126881 a composite number?
True
Is 105582399191 a prime number?
True
Is 19937942107 composite?
False
Is 697314957 a prime number?
False
Is 682154239 a prime number?
False
Is 66867774751 a composite number?
False
Is 20682120143 prime?
True
Is 1255580981 prime?
False
Is 45050596421 a prime number?
False
Is 10061687015 a composite number?
True
Is 799348097 composite?
False
Is 25879369753 a composite number?
False
Is 357557907521 prime?
True
Is 806321861 a prime number?
False
Is 3522575887 prime?
True
Is 90567330461 a composite number?
False
Is 65354803 a prime number?
False
Is 797596451 prime?
True
Is 3472062871 composite?
True
Is 5087031961 prime?
False
Is 45372011747 a prime number?
True
Is 10930870546 a prime number?
False
Is 71285126057 composite?
False
Is 30531387515 prime?
False
Is 61714889287 prime?
True
Is 1595991889 composite?
True
Is 16486953089 a composite number?
False
Is 655961309 composite?
False
Is 7644739 composite?
False
Is 54098049727 prime?
False
Is 38092633 composite?
False
Is 622515101 prime?
False
Is 130500866 a composite number?
True
Is 23747491417 prime?
False
Is 496487137 a prime number?
True
Is 31114285073 prime?
False
Is 6698806651 prime?
True
Is 2270509621 prime?
False
Is 431141771 prime?
True
Is 551847401 a prime number?
False
Is 136764347 composite?
False
Is 5763351739 a prime number?
False
Is 1328329367 a prime number?
False
Is 1212465083 a composite number?
True
Is 28959494003 a composite number?
True
Is 37800497977 a composite number?
True
Is 5968829003 a composite number?
False
Is 40832359921 a composite number?
True
Is 1786547183 prime?
False
Is 4419013219 prime?
False
Is 28247173445 composite?
True
Is 908335447 prime?
False
Is 34486082971 prime?
True
Is 12110147011 a composite number?
True
Is 498420815 a composite number?
True
Is 3875086378 composite?
True
Is 1045081897 prime?
True
Is 2457237157 a prime number?
False
Is 30310304831 a composite number?
True
Is 80685973195 a composite number?
True
Is 225306469 a comp